c(4).
-11
Let n(p) = -6*p. Let o(u) = -u. Let v(y) = 2*n(y) - 6*o(y). Let l(b) = 3*b - 3. Let a be l(3). Let m(c) = -c**3 + 7*c**2 - 6*c - 1. Let g be m(a). What is v(g)?
6
Let c(s) = 3*s - 6. Let m(n) = n - 3. Let w(b) = -2*c(b) + 5*m(b). Give w(-6).
3
Let y(n) = -5*n**3 + 4*n**3 + 2*n**3 - n + 3*n**3 + 1. Calculate y(1).
4
Let i = 7 - -6. Suppose 7 = 5*g - i. Let w(k) = -k**2 - k - 2*k + g*k. Give w(0).
0
Let c(a) be the third derivative of -a**5/60 - 7*a**4/24 - 5*a**3/6 - 9*a**2. Give c(-5).
5
Let a(h) be the second derivative of h**4/12 + 7*h**3/6 - h. Give a(-6).
-6
Let b(z) = z + 4. Let q(t) = t**2 - 2*t**2 - 10 + 166*t - 171*t. Let n be q(-4). Give b(n).
-2
Let d(u) = -u**2 - 7*u - 2. Let s(m) = -2*m + 2. Let w be s(2). Let z = w + 3. Let n be (9/(-6) - z)*2. Determine d(n).
8
Let g(h) be the first derivative of -1/20*h**5 - 1/120*h**6 + 0*h - 1 + 0*h**3 + 0*h**4 + 3/2*h**2. Let r(a) be the second derivative of g(a). What is r(-2)?
-4
Let s(n) = -4*n**2 + n + 2. Let j(l) = 7*l**2 - l - 4. Let t(c) = 6*j(c) + 11*s(c). Let u be 2/2*-1 + 5. Calculate t(u).
-14
Let x(j) = 2*j + 24. Let z(q) = -4*q + 2*q - 7 + q - 5. Let a(g) = -3*x(g) - 5*z(g). Determine a(0).
-12
Let z(g) be the second derivative of -g**5/40 + g**4/12 + 3*g**3/2 + g. Let t(r) be the second derivative of z(r). Give t(4).
-10
Let s(b) = -3 - 68*b - 4 + 67*b - 2. What is s(0)?
-9
Let p = -11 + 15. Let c(q) = 2*q**2 + 5*q - 4 + p*q - 4*q. Calculate c(-4).
8
Let d(u) = -u**2 + 6*u - 4. Let v be d(3). Let b(x) be the third derivative of x**4/12 - x**3/2 - 2*x**2. Calculate b(v).
7
Let p be (-4)/6 - 14/(-3). Let g(u) = -16*u + 15. Let x(b) = -4*b + 4. Let z(h) = 2*g(h) - 9*x(h). Give z(p).
10
Let o = 31 + -29. Let x(z) = 5*z - 2*z + 1 - 1 + z**2 - 3. Give x(o).
7
Suppose -4*h = -4*v - 12, 3*h - 7 = 4*h + v. Let k(s) = -s**3 - 2*s**2. Give k(h).
0
Let s(i) = 3*i + 2. Suppose -3*q - 14 = -m, 0 = -m - m - 5*q - 16. What is s(m)?
8
Suppose d - 3*j + 8 = -0*d, 3*d - 4*j = -19. Let u be 4/(-6) - d/3. Let n(s) = -6*s - 5. Let y(p) = 6*p + 6. Let q(l) = -5*n(l) - 4*y(l). Give q(u).
7
Let m be (5/20)/(1/(-4) - 0). Let w(n) = -3*n**2 - n - 1. Give w(m).
-3
Suppose 9 = 3*b - 6. Suppose 10 = -5*x + b*q, 5*q = -10 - 0. Let s(w) be the third derivative of -w**4/8 - 2*w**3/3 + w**2. What is s(x)?
8
Let d(l) = l + 1. Let u = 31 - 36. Determine d(u).
-4
Let z(i) = -2*i - 5. Let m be z(-5). Let c(k) = -k**3 + 7*k**2 - 2*k + 1. Let x(y) = y**2. Let g(t) = c(t) - 2*x(t). Give g(m).
-9
Let a be 0/(8/4)*1. Suppose a*i - 3*i = -n + 9, 5*n - 21 = 3*i. Let g(b) = -b. Calculate g(i).
2
Let a(w) = -w**3 - 8. Suppose -4*z - 4 = 2*s, 2*s + 6 = -2*z - s. Give a(z).
-8
Let l(k) = -5*k**2 + 3. Let x(q) = -q**3 + 1. Let z(y) = -l(y) - x(y). Let r be 1/(-5) + (-164)/(-20). Let t = -13 + r. Give z(t).
-4
Let a(v) = v**2 + 5*v + 2. Suppose 2*s = -2*s - 20. Give a(s).
2
Let w be 4/6 - (-5)/(-3). Let f(m) = -2*m**2 - 3*m + 6. Let d(y) = y**2 - y. Let u(v) = w*d(v) - f(v). What is u(-6)?
6
Let s(j) = j**2 - j - 11. Let g be 0/(1 - (-12)/(-4)). Calculate s(g).
-11
Let t(f) = f**2 + 17*f + 36. Let y be t(-14). Let r(a) = -3*a**2 + 7*a - 15. Let x(p) = 2*p**2 - 3*p + 8. Let d(n) = 3*r(n) + 5*x(n). Give d(y).
-5
Let b be (-3)/(-6) - 9/(-2). Suppose m = -2*r - 0*m + 3, b*m = -r - 3. Let o(c) = -4*c - 2*c**2 + 7 + 3*c + 0*c**2 + c**r. What is o(0)?
7
Let z(r) be the first derivative of r**2/2 + 9*r + 2. Suppose -2*d - 2*v - 10 = 0, -5*d = 2*v + 6 + 4. Give z(d).
9
Let f be (0 - -4)*7/14. Let r(q) = -5*q + 3*q - 3*q**2 - f + 6 - 3. What is r(1)?
-4
Let h(v) be the first derivative of v**3/3 - v**2/2 + 5*v - 12. Give h(0).
5
Let z(b) = -b**2 + 9*b - 10. Let q be z(8). Let v(c) = -2*c - 1. Calculate v(q).
3
Let o(j) = j**3 + 10*j**2 + 7*j - 11. Suppose 22 = -3*t + 5*v, 11 + 1 = -t - 3*v. Determine o(t).
7
Let x = 13 - 7. Let u be 2/(-4)*(x + -2). Let w(f) be the first derivative of -f**4/4 - 4*f**3/3 - 2*f**2 - 3*f + 2. Give w(u).
-3
Let f(t) = -t**3 + 6*t**2 + 8*t - 5. Let q be f(7). Let h(z) = 3*z**2 - 6*z**q + 3*z - 4 + 3. Give h(2).
-7
Let d = -7 - -14. Let f(k) = 0 - k**2 - 4 + 4 + d*k. Calculate f(6).
6
Let k(d) = -2*d**3 + d**2 - d - 8. Let q(h) = -h**3 - h - 4. Let o(f) = 4*k(f) - 9*q(f). What is o(-3)?
-2
Suppose 0 = 3*j - 6*n + 5*n + 11, 5*n = 10. Let y be j/(-2)*6/9. Let m(v) = y - v - 5 + 0. Give m(-4).
0
Let n = -10 - -14. Let h(t) = 5*t - 4 - n*t**2 + 5*t**2 - 2*t. Let j be (-5 - 1)*7/14. Calculate h(j).
-4
Let i = -40 - -56. Suppose -3*s + 1 = i. Let c(a) = 3*a**2 + 2*a + 4. Let j(n) = -7*n**2 - 3*n - 8. Let b(u) = 5*c(u) + 2*j(u). What is b(s)?
9
Let h(m) = 5*m - 7. Let y(b) be the third derivative of -b**4/8 + 2*b**3/3 + 2*b**2. Let q(r) = 6*h(r) + 11*y(r). Give q(3).
-7
Let r(k) = k. Let q be -2 - (-1)/((-4)/(-20)). Suppose t = q*t + 8. Give r(t).
-4
Let v(j) = -j - 6. Suppose 2*h - i = h + 1, -3*h = i - 23. Suppose -5*p - 3*d = 24 - h, -d + 4 = 0. Give v(p).
0
Let m be 76/10 - 2/(-5). Let l be 2/m*-2*2. Let k be l*2*(-2)/(-4). Let o(j) = -j**3 - 3*j**2 - 2*j - 1. Give o(k).
-1
Let o(a) be the first derivative of -3/2*a**2 - 3*a + 1/3*a**3 + 2. What is o(3)?
-3
Suppose -6 + 0 = 2*u. Let y(l) = -l - 2 + 2 + 3 + 2*l. Give y(u).
0
Let k = -22 + 24. Let n(j) be the third derivative of -j**k - 1/12*j**4 + 1/60*j**5 + 0 + 0*j - 1/3*j**3. Give n(3).
1
Let o(t) = -t**3 - t**2 + 1. Let g(w) = 14*w**3 + w**2 - 1. Let p(z) = g(z) + 2*o(z). What is p(1)?
12
Let l(y) = y**2 - 5*y + 6. Suppose 2*i = -i. Suppose r - 9 + 4 = i. What is l(r)?
6
Let x(o) = -2 - 7 - 3*o + 3. Let b(c) = c**3 + 4*c**2 - 7. Let j be b(-3). Suppose -2 - j = z. Calculate x(z).
6
Let q(w) = -w**2 + w. Let t(j) = -j**3 - 6*j**2 - j + 4. Let b(o) = -2*q(o) + t(o). Let n(k) = k**2 + 6*k - 10. Let z be n(-7). Give b(z).
4
Let b(f) = 2*f**2 - 8*f + 6. Suppose -77 = -5*h - 52. Give b(h).
16
Let t(k) = 4*k**2. Let j be t(-1). Let f(d) be the third derivative of 0 + 0*d + d**3 - 1/24*d**j + 2*d**2. What is f(0)?
6
Let h(z) be the first derivative of z**4/4 - 2*z**3 + 5*z**2/2 - 1. Suppose -2*f - 50 + 14 = 0. Let b be f/(-4) + (-5)/(-10). Calculate h(b).
0
Let v(c) be the third derivative of c**4/24 - c**3/6 + 5*c**2. Suppose 0 = s + 5*a + 2, 3*s + 3*a + a - 5 = 0. What is v(s)?
2
Let t(k) = -k**3 + k**2 + 3*k + 3. Let o be t(3). Let w(c) = -8 + 7*c + c**2 - 15*c - 2*c**2. Calculate w(o).
4
Let o(x) = 4*x + 3. Let n be o(1). Let l(c) = -c**3 + 8*c**2 - 8*c + 3. What is l(n)?
-4
Let x(j) = j**2 - 3*j + 1. Suppose -5*a - 28 = -13. Let d = 5 + a. Suppose -2*u - 3*f = -15, -d*f + 15 = 4*u - u. What is x(u)?
1
Let n(o) = -3*o**3 - o**2 + o + 1. Suppose -2 = -4*u - q, -4*q + 4 + 4 = -u. Let c = -1 + u. Give n(c).
2
Let w(l) be the third derivative of -5*l**4/24 + l**3/2 + l**2. Let a = 12 + -10. Determine w(a).
-7
Let j(g) = -3*g**2 - 4*g - 3. Let z(x) = 2*x**2 + 4*x + 2. Let w(l) = -3*j(l) - 4*z(l). Let k(n) = 5*n - 5. Let c be k(4). Let m = c + -12. Give w(m).
-2
Suppose 2*t - 10 = -0*t. Suppose -q - 8 = 7*z - 2*z, -t*q = 4*z - 2. Let y(b) = b**3 - 4*b**2 + 2. Determine y(q).
-6
Let s(y) be the second derivative of -y**5/20 + 3*y**4/4 - 4*y**3/3 - 3*y**2/2 - 164*y. Suppose -2*d - d + 24 = 0. What is s(d)?
-3
Let m(n) be the second derivative of 11*n**5/20 - n**4/6 + n**3/6 + 5*n + 4. Calculate m(1).
10
Let b(j) = 2*j**2 - 1. Suppose 2*t - 3*t + 10 = -3*d, -15 = 5*d. Let l = 1 - t. Suppose s + 2 + 0 = l. What is b(s)?
7
Let s(r) be the second derivative of -r**5/20 + r**4/2 - r**3/3 + 4*r**2 - 10*r. What is s(6)?
-4
Let v = -2 + 2. Suppose v = -3*y + 5*y + 8. Let o(n) be the second derivative of n**4/12 + 5*n**3/6 + n**2 - n. Calculate o(y).
-2
Let b(y) = y**2 - 4*y - 1. Let z be b(3). Let v = 0 - z. Let t(f) = -f**3 + 5*f**2 - f - 4. Determine t(v).
8
Let r be -2*(63/6)/(-7). Let q be 16/20*(r - -2). Let u(d) = d**2 + 4*d**2 - q*d**2 - 2 - d. Determine u(0).
-2
Let w(h) = 3*h. Let s(l) = -1. Let v(x) = -s(x) - w(x). Let c be ((-4)/(-6))/(4/6). Determine v(c).
-2
Let q(z) = z**2 + 7*z + 14. Let v(w) = 2. Let j(i) = q(i) - 4*v(i). Let r be (-88)/(-6) + 4/(-6). Let o = 10 - r. Determine j(o).
-6
Let s(b) = b**2 - b - 1. Let j(r) = 3*r**2 - r - 4. Let o be 0 + (-3 + -5)/(-4). Let h(g) = o*s(g) - j(g). Give h(-3).
-4
Let h(k) = 5*k - 8*k**2 + 2*k + 7*k**2 - 2. G